e remainder when o(4) is divided by 15?
13
Let o(q) = -q**2 + 16*q - 46. Calculate the remainder when 193 is divided by o(6).
11
Suppose 2*m = 4*m - 10. Suppose 2*w - m*x - 10 = 0, 4*x - 55 - 6 = -3*w. Calculate the remainder when (22/(-3))/((-3)/18) is divided by w.
14
Let v = 88 + -62. Let t = 0 - -49. What is the remainder when t is divided by v?
23
Let z = -16 - -8. Let s(n) = -n**3 - 9*n**2 - 8*n + 9. What is the remainder when 43 is divided by s(z)?
7
Suppose -4*h + 5*f + 15 = 4*f, 2*h = 5*f + 21. Suppose 4*b - 3*v - 10 = 0, -b - 2*v + 2 = -6. What is the remainder when b is divided by h?
1
Let q(m) = -m**3 + 5*m**2 + 3*m + 4. Let i(o) = -o. Let j be i(3). Let u = j - -13. What is the remainder when q(5) is divided by u?
9
Let c be (37/(-4))/(1/4). Let o = 67 - 57. What is the remainder when c/(-1 + (1 - 1)) is divided by o?
7
Calculate the remainder when 285 is divided by (19 - 4)/5 + 45.
45
Suppose -n = -2*r - 0*n + 11, 9 = 3*r - 4*n. Let b(c) = 3*c + 1. What is the remainder when b(r) is divided by ((-48)/(-15))/((-14)/(-35))?
6
Suppose 780 = 3*y - 5*p, 2063 = 5*y - 5*p + 763. What is the remainder when y is divided by 29?
28
Let n = 0 + 18. What is the remainder when 71 is divided by n?
17
Let i(n) = n**2 - 6*n. Let g be i(6). Suppose -2*s + 9 - 1 = g. Calculate the remainder when 6 is divided by s.
2
What is the remainder when (-2430)/(-25) - 2/10 is divided by 20?
17
Suppose -5*r - 3*g + 79 = -g, 2*g = 2*r - 26. What is the remainder when 88 is divided by r?
13
Let h = 17 + -7. Calculate the remainder when h is divided by 7.
3
Suppose -4*n + 16 = -0*n. What is the remainder when 21 is divided by n?
1
Suppose 0*a + 67 = a. What is the remainder when a is divided by 17?
16
Let s(b) = -4*b - 45. What is the remainder when s(-14) is divided by 3?
2
Let b(w) be the second derivative of -w**3/2 + w. What is the remainder when (-766)/(-22) - (-4)/22 is divided by b(-4)?
11
Let a(q) = q**2 - 39*q + 92. Suppose -15 - 13 = -4*p. Calculate the remainder when a(37) is divided by p.
4
Suppose -4*v = -9 - 23. What is the remainder when 46 is divided by v?
6
Let k(d) = d**3 + 7*d**2 - 9*d + 6. Suppose -4*i + 2*f - 20 = 0, 4*f = 3*f - 2. Let u be 0 + i + (-1 - 1). What is the remainder when 27 is divided by k(u)?
13
Calculate the remainder when (1/(-2))/(20/(-1120)) is divided by 16.
12
Let p be -1*10*2/(-4). Suppose p*n - 67 = -12. Suppose -2*h + 0*h = -8. Calculate the remainder when n is divided by h.
3
Let l be (-6)/(-18) + 16/6. Suppose 2*h + 2*v - 28 = 0, -2*h + 3*v = l*h - 102. What is the remainder when 53 is divided by h?
17
Suppose -6*c + 42 = -3*c - 3*i, 2*c = -2*i + 28. Let w(t) = t + 12. What is the remainder when c is divided by w(-8)?
2
Suppose -5*x = 4*i - 95, 2*i + 0 - 19 = -x. What is the remainder when 131 is divided by x?
17
Suppose 3*c - 28 = -2*w, -w + 24 = w + 5*c. What is the remainder when w is divided by 6?
5
Let h(t) = -17*t**2 + 1. Let y = 1 + 0. Let p be h(y). Calculate the remainder when 40 is divided by 0 + -3 + (1 - p).
12
What is the remainder when 10 is divided by (15/25 - -2) + (-2)/(-5)?
1
Let x = 240 - 212. Let m = 14 - 4. Calculate the remainder when x is divided by m.
8
Calculate the remainder when 39 is divided by ((-4)/10)/((-2)/70).
11
Let z be (7/3)/((-3)/9). What is the remainder when z/((6/2)/(-21)) is divided by 13?
10
Let z = -223 - -231. Suppose 8 = -q + 3*q. What is the remainder when z is divided by q?
0
Let f(a) = a**2 - 6*a + 7. What is the remainder when 47 is divided by f(7)?
5
Let w(c) = c + 6. Let z be w(-3). Suppose 0 = -5*h, 8 = s + z*s + 3*h. What is the remainder when s is divided by 1?
0
Suppose -3*y = -y - 2. Let g(u) = -3*u - 1. Let m be g(-3). Suppose -m = -5*w - 3. What is the remainder when w is divided by y?
0
What is the remainder when (-1 - 0)/(1/(-47)) is divided by 1 + (-3 - -2) + 2 + 10?
11
Let t be 2/4*(-58 - 0). What is the remainder when 13 is divided by t/(-4) - 3/12?
6
Let r = 222 + -150. Suppose 2*d - 3*o = 71, -6*d + 4*o + r = -4*d. Calculate the remainder when d is divided by 12.
10
Let i be 2 + 3 + 6 + 2. Suppose -i = -w + 4. What is the remainder when w is divided by 9?
8
Let g = 0 + 2. Let y(t) = 3*t**2 - t**3 + 3*t**g + 8 - 1. Calculate the remainder when 13 is divided by y(6).
6
Suppose 0 = -2*q - 5*m + 38 - 10, -m = 3*q - 16. Suppose 0 = -3*l - 0*d - d + 16, 0 = 4*l + 5*d - 3. What is the remainder when l is divided by q?
3
Suppose 2*s = -2*s, p + 4 = 3*s. Let a be 3/p - 5/4. What is the remainder when a/(-3) + (-4)/(-3) is divided by 1?
0
Let d(i) = -i - 3. What is the remainder when d(-7) is divided by 2?
0
Let h = 7 + 0. Suppose -15 = 4*z - h*z. Suppose 0 = -k - 2 + 7, z*u = -2*k + 200. Calculate the remainder when u is divided by 10.
8
Let z(i) = -i**2 + 11*i - 16. What is the remainder when z(7) is divided by 7?
5
What is the remainder when 4/(-3) + (-235)/(-3) is divided by 20?
17
Let k = -30 - -48. Calculate the remainder when 140 is divided by k.
14
Let a(h) = 7*h + 8. Let l(f) = -6*f - 7. Let t(r) = -5*a(r) - 6*l(r). Let z be t(-3). Calculate the remainder when (z + -1)*(-5)/2 is divided by 4.
1
Let r(c) = -36*c**3 - 2*c**2 - c. Calculate the remainder when r(-1) is divided by 9.
8
Let b(p) = 3*p - 26. What is the remainder when 13 is divided by b(11)?
6
Suppose -5*p = -k + 9 - 0, 0 = -k - 3*p + 1. Suppose 4*h = 12 + k, -48 = -4*n + 3*h. What is the remainder when 28 is divided by n?
13
Let i = -11 - -8. Let t = i + 5. Suppose n - 2*r - 28 = -4*r, t*n - 46 = r. What is the remainder when n is divided by 13?
11
Let h(l) = l**3 + 8*l**2 + 5*l - 2. Let r be (1 + 0/3)*-7. Calculate the remainder when 22 is divided by h(r).
10
Let o = 5 + 17. Calculate the remainder when 63 is divided by o.
19
Let m(v) = 3*v**2 - 15*v + 10. Calculate the remainder when m(7) is divided by 7.
3
Let n(w) be the third derivative of w**5/60 + w**4/8 + w**3 - 3*w**2. Let b be n(-4). Suppose -4*m + 50 = b. What is the remainder when 37 is divided by m?
7
Let r(a) = a + 12. Let w be r(0). Suppose l = -2*l + w. Calculate the remainder when 9 is divided by l.
1
What is the remainder when 45 is divided by (23 - 3/(-1)) + -2?
21
Let b(q) = -2*q - 4. Let o be b(-4). Suppose r + o*w = 31, 3*w + 40 = 4*r - 2*w. Suppose 5*l - 147 - 73 = 0. What is the remainder when l is divided by r?
14
Suppose -y - 4*y = -30. Suppose 0*b + y = 2*b. Suppose 0 = b*g - 0*g - 45. Calculate the remainder when g is divided by 8.
7
Let j = -3 + 3. Suppose j*b - 26 = -b. Suppose -l = l - b. What is the remainder when l is divided by 7?
6
Let u(n) = 2*n - 1. Let y be u(2). Suppose j - 37 + y = 0. Calculate the remainder when j is divided by 9.
7
Suppose 114 + 0 = 3*j. Suppose -5*v + j = -7. Calculate the remainder when 15 is divided by v.
6
What is the remainder when 163 is divided by (44/10)/((-6)/(-15))?
9
Let c = 10 + -6. Suppose -5*f - 9 = 2*o, c*o - f = -1 - 6. Let l(s) = -5*s**3 + 2*s + 2. What is the remainder when l(o) is divided by 13?
12
Suppose 5*x + 2*z = 181, -5*x + 3*z + 114 = -52. Calculate the remainder when x is divided by 9.
8
Let t = 1 - 1. What is the remainder when (t - -1)*(1 - -43) is divided by 15?
14
Suppose -4*j + 5 = -3*s - 3, 3*j - 23 = -2*s. Let t = s - 2. Calculate the remainder when (2 - 1) + -2 + t is divided by 1.
0
Let j(w) = -w**3 + 10*w**2 + 2*w - 15. Let x(b) be the second derivative of b**4/6 - b**3 - 7*b**2/2 - b. Calculate the remainder when x(5) is divided by j(10).
3
Let g(o) = -o**2 - 19*o + 32. Calculate the remainder when 32 is divided by g(-20).
8
Calculate the remainder when 1/((14/231)/(4/1)) is divided by 17.
15
Suppose -44 + 17 = -3*o. Suppose 0 = 5*h - 25, -3*h = -2*c + 7 + 10. Calculate the remainder when c is divided by o.
7
Suppose 3*t - 4*r = 21, -2*r = 2*t + 2*t - 28. Let g(a) = a - 8. Let d be g(6). Let c(u) = u**2. What is the remainder when t is divided by c(d)?
3
Suppose -t - 3*t + 112 = 3*q, 32 = q + 4*t. What is the remainder when q is divided by 23?
17
Let j(v) be the third derivative of 3*v**5/20 - v**4/24 - v**3/3 - 2*v**2. Let a be j(-2). Suppose a = -f + 4*f. What is the remainder when 47 is divided by f?
11
Suppose -5 = 4*h - 3*h, 0 = -k + 5*h + 110. Calculate the remainder when k is divided by 29.
27
Let o(l) = -2*l**3 - 21*l**2 - 15*l - 14. 